)/(2/i). Suppose -2*a - 2*a - 20 = 0, k*a - 43 = -4*p. List the prime factors of p.
17
Let j = 22027 - 5095. What are the prime factors of j?
2, 3, 17, 83
Suppose r = y - 5, 0*y + 5*y + 10 = -2*r. Suppose 2*a = z + 2229, y*z = 4*a + 5*z - 4465. List the prime factors of a.
5, 223
Let b(y) be the second derivative of -43*y**3/3 - 27*y**2/2 + 25*y. Let t be b(9). What are the prime factors of t/(-15) + (-10)/25?
53
Let i = -4445 + 24817. What are the prime factors of i?
2, 11, 463
Let r(l) be the third derivative of -l**6/30 + l**5/15 + 7*l**4/24 + 23*l**3/3 - 70*l**2. List the prime factors of r(-6).
2, 11, 23
Suppose n - 5 = 6*n, 6965 = 3*v + 4*n. Let m = v - 1494. List the prime factors of m.
829
Suppose 16*r = -54140 + 213185 + 21771. List the prime factors of r.
3, 3767
Let k be 2 - (0 + -2 + -616). Suppose -3*j + 462 = 3*u - 0*u, 4*u = -3*j + k. Suppose -5*v + u = -182. What are the prime factors of v?
2, 17
List the prime factors of 52296/30*(-25)/(-10).
2, 2179
List the prime factors of 8006 - (-21 + 9) - 4/(-6)*-3.
2, 3, 167
Suppose 0 = -m - 0*w + 5*w - 15, 3*m = -2*w - 113. Let x = 35 + m. Suppose -4 + x = -y. What are the prime factors of y?
2
List the prime factors of (64/16)/((-1)/1 - (-147847)/147819).
3, 7039
What are the prime factors of (22/(-33))/(16/(-613680))?
2, 5, 2557
Let d(j) = -550*j - 9461. What are the prime factors of d(-85)?
7, 761
Suppose 0 = 10*s - 4*s - 60. Let v be (22/33)/((-8)/(-6))*s. Suppose -w - v*w = -684. List the prime factors of w.
2, 3, 19
Suppose -315*i + 9911282 = -1393438. What are the prime factors of i?
2, 2243
Suppose -2*p + 17294 = 2*r, 2*p = 67*r - 64*r - 25976. List the prime factors of r.
2, 4327
Suppose -877807 = -144*f + 3372209. What are the prime factors of f?
2, 3, 4919
Suppose -2*z + 662 = -5*t, -3*t - 325 = -5*z + 1292. What are the prime factors of z?
3, 107
Let m be 2 + -5 - -1*(-2 - -2). Let y(w) = -147*w + 3. Let v be y(m). Suppose -10*q = -13*q + v. What are the prime factors of q?
2, 37
Suppose 15*t = 5*t - 310. Let l = -4 + t. Let c = l - -75. What are the prime factors of c?
2, 5
Let r be ((-4)/2 - -11)*10/15. Let u(c) = c**3 - 6*c**2 + 7*c - 6. Let f be u(5). Suppose r*t - 70 = f*t. List the prime factors of t.
5, 7
Let x = 3898 - 1976. List the prime factors of x.
2, 31
Let i = -38 + 66. Let h = -43 + i. List the prime factors of (125/h)/(1 - (-4)/(-3)).
5
Let f(t) = -t**2 - 4*t + 278. Let c be f(0). Suppose 0 = j - 4*o - 420, 1847 + c = 5*j + 5*o. List the prime factors of j.
2, 53
Suppose -5*y + 56228 = -a, 8*a = 5*y + 6*a - 56231. List the prime factors of y.
5, 13, 173
Suppose 3*w + 5 = 8*w. Suppose -4*p + 18 = 5*g, -3*g - 3 = -5*p + w. List the prime factors of 257 - 5/(-5) - g.
2
List the prime factors of (-10 - 6 - (-6 + -3)) + 12472.
3, 5, 277
Let n = -42 + 48. Suppose 7*f = n*f + 4. Suppose -f*a + 2*y + 264 = -204, y = 0. What are the prime factors of a?
3, 13
Let z(v) be the third derivative of -19*v**4/6 - 49*v**3/3 - 15*v**2 - 2. List the prime factors of z(-7).
2, 7, 31
Let k = 9972 + -7107. List the prime factors of k.
3, 5, 191
Suppose k + 781 = 3*f, 4*k - 5*k = -4*f + 1043. Suppose 4*o - f = 2854. What are the prime factors of o?
19, 41
Suppose 5*j - 4*j - 47 = 4*p, -j = 5*p + 61. Let v(h) = -9*h + 26. Let u be v(p). Suppose -u = -s - s. What are the prime factors of s?
67
Let q(v) = 11*v**2 + 43*v + 3. Let l be q(-5). Suppose 7*r - 406 = -l. What are the prime factors of r?
7
Let y be 16/(-6)*(-21)/(-2). Let c be (721/y)/((-1)/4). Let p = -50 + c. List the prime factors of p.
53
Suppose -10*x = -32 - 108. Let w(l) = -24*l + 62. Let a(u) = 16*u - 41. Let p(m) = -7*a(m) - 5*w(m). List the prime factors of p(x).
89
Let l be (-9 + 3)/(-3)*(-5 - -6). Suppose l*g - 7 = 479. List the prime factors of g.
3
Suppose 2*q = -4*g + 10510, q = 32*g - 38*g + 5239. List the prime factors of q.
19, 277
Let y = -9 + 4. Let q(k) = -16*k**2 - 4*k - 8. Let u be q(y). Let z = -244 - u. List the prime factors of z.
2, 3
Let o = 54199 - 35480. What are the prime factors of o?
18719
List the prime factors of (115*111/(-30))/((-1)/2).
23, 37
Let f be (1 - 1) + (6*-44)/(-12). Suppose 0 = 24*k - f*k - 350. List the prime factors of k.
5, 7
Suppose 15080 + 31 = -23*x. Let v = 1321 + x. What are the prime factors of v?
2, 83
Suppose 25*j + 18 = 27*j. List the prime factors of (-7 - 136/(-16))/(j/9870).
5, 7, 47
Let h be (-3)/6*-3 - 6749/(-2). Let i be h/(-24) + (-4)/(-6). Let v = i + 233. List the prime factors of v.
3, 31
Suppose 0 = -35*x + 39*x - 192. Let n = -71 + 40. Let k = x - n. What are the prime factors of k?
79
Suppose 0 = 13*i - 6000 + 384. Let l = 949 - i. Suppose 9*j + l = 1255. List the prime factors of j.
2, 41
Let c(y) = 9*y**3 - 2*y**2 - y + 9. Let j = 18 + -15. List the prime factors of c(j).
3, 7, 11
Suppose 0*d + 5*t = -2*d + 10, 3*t - 22 = 2*d. Suppose n + 4 = 157 + 6. Let l = n - d. What are the prime factors of l?
2, 41
Suppose 3*p - 6*p = -3*d - 386208, -4*d + 5*p - 514940 = 0. List the prime factors of (2/(1 - -1))/((-205)/d).
2, 157
Let w be (-581)/(-35) - (-6)/15 - 2. Suppose 0 = -3*y + w*y - 2448. What are the prime factors of y?
2, 3, 17
Let r = -1342 + 1918. List the prime factors of r.
2, 3
Let r(t) = -2344*t + 1921. What are the prime factors of r(-7)?
18329
Let l = -2583 - -5816. List the prime factors of l.
53, 61
Suppose -31*y + 145 = 21. Suppose 2*j = -j - y*i + 513, -j = -2*i - 171. What are the prime factors of j?
3, 19
Let a = 812 + -1175. Let i = 400 + a. What are the prime factors of i?
37
Let f(m) be the third derivative of 11*m**5/20 + 3*m**4/8 + 7*m**3/2 - 20*m**2. What are the prime factors of f(-3)?
3, 97
Suppose -240*s + 237*s + 72165 = 0. What are the prime factors of s?
5, 17, 283
Let c = -393 + 693. Suppose c = 4*w - 2*w. Suppose v - w = -2*v. List the prime factors of v.
2, 5
Suppose 12*h = 5*h + 14. Let d(i) = -1. Let z(a) = 23*a**2 + a. Let q(j) = h*z(j) + 2*d(j). What are the prime factors of q(1)?
2, 23
Let a(n) = 102*n. Let b = 167 - 164. What are the prime factors of a(b)?
2, 3, 17
List the prime factors of ((-9)/(-6) + (6 - 346/28))*-2723.
2, 17, 389
Let p be (7 + 11)/(((-24)/513)/(-4)). Suppose 2*u - p = 1113. What are the prime factors of u?
2, 3, 13, 17
Suppose -8 = -2*y - p, -2 = 3*y + 5*p - 0. Suppose -29*s = -y*s - 7820. What are the prime factors of s?
2, 5, 17
Let i(v) = -4589*v + 9889. What are the prime factors of i(-5)?
2, 16417
Let o be -129*((-6)/(-4) - 4)*2. Let w = 1131 - o. What are the prime factors of w?
2, 3
Suppose 322397 = 4*m + 24*x - 29*x, -3*m + 2*x + 241803 = 0. What are the prime factors of m?
80603
Suppose -5*z = -z + 16, -4*l + 3*z = -7964. Suppose -17*o = -21*o + l. What are the prime factors of o?
7, 71
Suppose 4 = m - 3*u, 4*m - 8 = 2*m - 2*u. Suppose -3*y + m*h + 311 = -2*y, -2*h = -5*y + 1609. List the prime factors of y.
17, 19
Let r = 50 - 47. Let i be (r/6 - 0) + (-324)/(-8). Suppose 4*q - i = 243. What are the prime factors of q?
71
Let h be -3 - (12/(-4) + 0). Let p be (11 - 2) + h*2/(-8). Suppose t = p + 52. What are the prime factors of t?
61
What are the prime factors of 18/(-24)*11/(99/(-224244))?
3, 6229
Suppose 7264*i = 7244*i + 1088380. List the prime factors of i.
54419
Let u = -49295 - -69791. List the prime factors of u.
2, 3, 7, 61
Suppose -11 = -4*g + 13. Let j(y) = -35*y + 17. Let b(i) = -33*i + 15. Let a(p) = -3*b(p) + 2*j(p). List the prime factors of a(g).
163
Let n(r) = 5*r**2 - r - 5. Suppose 4 + 8 = -2*u. Let v be n(u). Suppose 0 = 2*t - 5*p - v, 5*t - t - 5*p = 387. What are the prime factors of t?
103
Let p(m) = 364*m**3 - 2*m**2 - 18*m + 54. What are the prime factors of p(2)?
2, 3, 487
Suppose 0 = 6*d - 53 - 187. Let w = 141 - d. What are the prime factors of w?
101
Let s(y) = -1833*y + 1567. List the prime factors of s(-10).
101, 197
List the prime factors of (-55)/(-66) - ((-229782)/180 + 4/10).
1277
Let x be 5*617 - (2 + 0 + -2). Suppose -8*j + x + 1491 = 0. List the prime factors of j.
2, 11, 13
Suppose 0 = 7*w - 5 - 16. Suppose 0 = 2*x - w*s + 54, 5*x - 3*s + 30 = 4*x. Let t = -18 - x. What are the prime factors of t?
2, 3
Let h(t) = -6*t + 6. Let f be h(-1). Let v = -121 - -169. Suppose f = -4*s + v. What are the prime factors of s?
3
Let a be 4/14 + (-130)/(-3